 3.
-102120
What is -10110 (base 3) in base 13?
-72
What is -370 (base 14) in base 3?
-221102
What is 1530 (base 12) in base 11?
1959
a077 (base 11) to base 4
3101102
Convert 37962 (base 12) to base 10.
75674
Convert -4872 (base 9) to base 5.
-104004
What is 3716 (base 14) in base 7?
40026
Convert 30144 (base 5) to base 12.
1144
-1b52 (base 13) to base 2
-1000000011011
2a4 (base 11) to base 13
215
Convert 100222110 (base 3) to base 10.
7275
25657 (base 8) to base 9
16305
100110110010010 (base 2) to base 4
10312102
Convert 2b18 (base 14) to base 2.
1110111110010
What is 2101310 (base 4) in base 14?
3588
Convert 6788 (base 9) to base 15.
174b
-133214 (base 5) to base 15
-1924
What is -101111000 (base 2) in base 4?
-11320
What is 358a (base 15) in base 9?
16544
16141 (base 7) to base 8
10671
23346 (base 8) to base 3
111122211
Convert 52026 (base 7) to base 11.
9606
Convert -340 (base 9) to base 12.
-1b3
What is -2101 (base 6) in base 8?
-725
1172 (base 9) to base 16
36b
Convert 131274 (base 8) to base 16.
b2bc
What is -161 (base 12) in base 14?
-117
What is 111011100011 (base 2) in base 10?
3811
-512 (base 10) to base 11
-426
35244 (base 7) to base 3
110102010
-4740 (base 13) to base 16
-2727
7545 (base 9) to base 12
3265
Convert 5326 (base 13) to base 9.
16724
What is 134024 (base 6) in base 16?
3100
Convert -1110111000111 (base 2) to base 10.
-7623
2ca5 (base 14) to base 13
3833
What is -25 (base 7) in base 8?
-23
1249 (base 14) to base 12
1a29
What is 31703 (base 9) in base 14?
790a
Convert -1464 (base 7) to base 12.
-409
10000110000010 (base 2) to base 3
102202201
Convert -a843 (base 13) to base 10.
-23377
What is 1301 (base 8) in base 2?
1011000001
What is b000 (base 14) in base 12?
15574
Convert 4414 (base 7) to base 6.
11151
What is 23631 (base 8) in base 13?
47ca
What is -220010 (base 3) in base 10?
-651
Convert -597 (base 12) to base 8.
-1503
-2055 (base 6) to base 4
-13103
-54641 (base 7) to base 4
-3112010
What is 32a (base 13) in base 16?
21f
Convert 11011010110 (base 2) to base 8.
3326
Convert 6120 (base 8) to base 10.
3152
Convert -31285 (base 9) to base 11.
-14574
Convert 2120 (base 4) to base 7.
305
Convert 3ad5 (base 16) to base 2.
11101011010101
What is 6852 (base 10) in base 11?
516a
8102 (base 9) to base 4
1130123
100100100 (base 3) to base 10
6813
Convert -1141a (base 12) to base 5.
-1214222
What is -11a3 (base 11) in base 8?
-3035
2639 (base 14) to base 3
100012201
14500 (base 15) to base 5
4042000
Convert 4545 (base 6) to base 3.
1110202
What is 23775 (base 8) in base 3?
112001011
Convert 60aa (base 12) to base 9.
15354
10264 (base 8) to base 4
1002310
Convert -1001022 (base 6) to base 12.
-23172
What is 61412 (base 7) in base 4?
3221222
Convert -520 (base 11) to base 5.
-10002
-2600 (base 7) to base 4
-33110
27305 (base 8) to base 16
2ec5
Convert -12ee (base 15) to base 5.
-112144
Convert 46922 (base 11) to base 2.
10000100001001111
Convert -150 (base 11) to base 6.
-452
13be (base 15) to base 5
113404
What is 1001011100100 (base 2) in base 3?
20122010
Convert 763 (base 9) to base 12.
440
Convert -4431 (base 5) to base 2.
-1001101000
What is -61 (base 11) in base 4?
-1003
Convert 1506 (base 14) to base 4.
322102
1340 (base 9) to base 2
1111110000
Convert -2158 (base 11) to base 4.
-230132
Convert -1775 (base 16) to base 14.
-228d
Convert 3540 (base 7) to base 10.
1302
What is c068 (base 14) in base 7?
165161
What is -341b (base 12) in base 9?
-7835
What is -257 (base 15) in base 5?
-4112
-763 (base 16) to base 8
-3543
Convert -74 (base 16) to base 13.
-8c
Convert -13063 (base 9) to base 15.
-2920
What is 16a5a (base 11) in base 12?
119ba
Convert 100110010101110 (base 2) to base 5.
1112010
5245 (base 8) to base 2
101010100101
54605 (base 7) to base 14
4dac
303403 (base 5) to base 13
463c
-24cd (base 14) to base 12
-3899
What is -2210100220 (base 3) in base 11?
-38308
-2336 (base 9) to base 13
-a35
What is -20014 (base 5) in base 2?
-10011101011
What is -42d (base 16) in base 8?
-2055
-24051 (base 9) to base 11
-110a2
Convert 8317 (base 12) to base 5.
424100
2240 (base 5) to base 6
1252
What is 254232 (base 7) in base 8?
134010
What is -5113 (base 9) in base 8?
-7232
What is -11321 (base 5) in base 14?
-43a
Convert -1011200 (base 3) to base 9.
-1150
What is a (base 13) in base 14?
a
-22203321 (base 4) to base 14
-11a9b
8b16 (base 16) to base 3
1210211202
-276 (base 12) to base 6
-1430
Convert -12150 (base 7) to base 13.
-159c
What is -2033 (base 4) in base 9?
-168
120131 (base 4) to base 14
7db
-1346 (base 13) to base 5
-42022
Convert -101100101 (base 2) to base 13.
-216
-1114334 (base 5) to base 2
-100111000000001
What is -e (base 15) in base 8?
-16
Convert -21560 (base 7) to base 6.
-41052
Convert -433 (base 8) to base 9.
-344
Convert 1250 (base 8) to base 16.
2a8
What is -1025110 (base 6) in base 13?
-19c08
110220 (base 4) to base 10
1320
What is 525 (base 7) in base 6?
1120
Convert -23554 (base 9) to base 14.
-5a5d
-3076 (base 8) to base 13
-95c
What is -31211 (base 9) in base 15?
-6174
What is -1012021 (base 3) in base 2?
-1101100111
70b (base 12) to base 14
52b
What is -112 (base 13) in base 3?
-20211
-84c (base 15) to base 11
-1452
Convert 1a6 (base 14) to base 9.
420
What is -2321 (base 4) in base 5?
-1220
What is 1337 (base 11) in base 4?
123012
220 (base 13) to base 16
16c
What is 20112 (base 4) in base 8?
1026
Convert -bc75 (base 14) to base 11.
-22582
Convert 6255 (base 8) to base 4.
302231
What is -268 (base 13) in base 8?
-650
What is 1002 (base 5) in base 14?
91
-1ee (base 16) to base 5
-3434
Convert 33432 (base 5) to base 7.
6621
Convert 34063 (base 11) to base 2.
1100000010100100
What is -7718 (base 12) in base 13?
-5c87
-2ad8 (base 16) to base 14
-3dd6
What is 4168 (base 9) in base 8?
5763
223 (base 11) to base 6
1123
What is 36a (base 11) in base 14?
235
What is 12012 (base 4) in base 15?
1b0
1d7e (base 16) to base 2
1110101111110
Convert 281 (base 11) to base 9.
407
Convert 4288 (base 12) to base 11.
5540
7922 (base 12) to base 10
13418
-21276 (base 8) to base 11
-6756
Convert 14638 (base 12) to base 6.
340112
What is -234531 (base 6) in base 5?
-1124003
Convert 19679 (base 10) to base 13.
8c5a
Convert 42443 (base 5) to base 3.
10221102
-22b (base 13) to base 11
-311
What is 30049 (base 12) in base 3?
10011102010
Convert 459 (base 12) to base 14.
341
What is -5200 (base 6) in base 5?
-14102
-1891 (base 11) to base 7
-6665
-20e (base 16) to base 2
-1000001110
Convert -11121 (base 3) to base 7.
-235
What is -3453 (base 6) in base 12?
-589
What is 1cb2 (base 13) in base 11?
3313
Convert 55464 (base 7) to base 10.
13962
Convert 25a (base 14) to base 2.
111011000
What is 2320 (base 6) in base 13?
336
Convert -15b1 (base 16) to base 7.
-22122
What is -20640 (base 7) in base 6?
-35420
What is 2d8d (base 15) in base 3?
111110021
7284 (base 12) to base 3
122010101
609 (base 13) to base 15
483
What is 4443 (base 9) in base 11?
2511
What is 111102112 (base 3) in base 2?
10011000111100
What is -2134 (base 8) in base 6?
-5100
-562 (base 12) to base 8
-1432
What is -57a9 (base 12) in base 16?
-2631
1003 (base 7) to base 10
346
What is -140224 (base 5) in base 10?
-5689
Convert 15514 (base 7) to base 11.
3315
4032 (base 6) to base 7
2402
aee (base 15) to base 5
34344
Convert 12215 (base 10) to base 12.
709b
What is -51451 (base 8) in base 3?
-1002012111
174 (base 12) to base 15
107
What is 320030 (base 5) in base 4?
2212100
What is -11000010010 (base 2) in base 14?
-7d0
-21091 (base 12) to base 7
-240160
-7b0 (base 16) to base 6
-13040
What is 99 (base 10) in base 8?
143
31033 (base 4) to base 6
3531
Convert -3270 (base 12) to base 15.
-19a6
1011001101100 (base 2) to base 14
2140
Convert 11212201 (base 3) to base 12.
2084
-151 (base 9) to base 15
-87
-1264 (base 10) to base 6
-5504
3259 (base 10) to base 3
11110201
54254 (base 6) to base 16
1d1a
467 (base 13) to base 15
35b
What is -52913 (base 10) in base 13?
-1b113
156072 (base 8) to base 3
2212100002
What is -6c0 (base 15) in base 16?
-5fa
Convert 100220 (base 3) to base 7.
531
What is 2408 (base 13) in base 8?
11726
-191 (base 16) to base 5
-3101
22346 (base 9) to base 16
3a11
Convert -111111010 (base 2) to base 12.
-362
What is 10135 (base 6) in base 14?
6cb
W